*l**2 - 2*l - 9. Determine f(o).
3
Let c(s) be the first derivative of -2/3*s**3 - 5 - 2*s**2 + 1/4*s**4 - 5*s. Give c(4).
11
Let d = 74 + -82. Let a(t) = t**2 + 7*t - 4. Determine a(d).
4
Let b = 0 + 11. Let d(s) = 7*s**3 - 4*s**2 + 2*s + 5. Let h(l) = -13*l**3 + 8*l**2 - 3*l - 9. Let r(t) = b*d(t) + 6*h(t). Determine r(5).
-4
Let s(t) = -t**2 - 3*t + 2. Let b be s(-5). Suppose -5*n + 5 = -5*q, 4*q + 20 + 5 = -3*n. Let h = b - n. Let g(m) = m. Determine g(h).
-5
Let h = 7 - 2. Let l(t) = -t**3 + 4*t**2 + 5*t + 3. Determine l(h).
3
Let r(q) = 2 + 2*q + q - q**2 + 8*q - 6*q. Calculate r(5).
2
Let j(h) be the first derivative of 0*h**3 + 1/12*h**4 + 2 - 1/20*h**5 + 3*h**2 + h. Let t(m) be the first derivative of j(m). What is t(0)?
6
Let g(v) be the third derivative of -v**4/24 - v**3/2 - v**2. Suppose -s + 3 = 0, -s + 5*s = 4*x - 28. Let z = 5 - x. Calculate g(z).
2
Let c(y) = y**2 - y. Let f be c(3). Let x(s) = -8*s**2 - 10*s - 9. Let q(u) = 7*u**2 + 9*u + 8. Let z(l) = f*x(l) + 7*q(l). Give z(-3).
2
Suppose 2*f + 6 = 8*f. Let t(d) = -19*d + 1. Give t(f).
-18
Let q(y) = -y**2 + 4*y - 2. Suppose 0*f + 20 = 5*f. Let s(o) = 2*o - 6. Let n be s(f). Let m be 4/8*n*3. Determine q(m).
1
Let i(v) = v - 8. Let h be 12/2 + 0 + -2. Suppose 4*d = -h, -4*j - 2*d = 3*d - 11. Calculate i(j).
-4
Let j(z) = z + 4. Suppose 3*r - 4*r - r = 0. Calculate j(r).
4
Let c(i) = -10*i + 0*i**2 + 1 + 15*i + i**2 - 9*i. Give c(6).
13
Let y(x) = -3*x**3 + 2*x**2 - 1. Let v be 2/9 + 102/27. Suppose -2*j + 1 + 1 = -l, 3*l - v = -4*j. What is y(j)?
-2
Let n = -21 - -14. Let f(b) = -b**3 - 7*b**2 + 2*b + 8. Give f(n).
-6
Let x(y) be the third derivative of -y**5/60 + 7*y**4/24 - 5*y**3/6 - 7*y**2 - 6. What is x(5)?
5
Let q(b) = 4*b + 5. Let s be q(5). Let y = s - 26. Let d(p) = -4*p**2 + 1. Calculate d(y).
-3
Let s = 1 - -3. Let b be ((-18)/(-21))/(s/(-28)). Let p(a) = a**3 + 5*a**2 - 6*a + 3. Determine p(b).
3
Let d be 6/(1 - 4) + -2. Let g(l) = l**2 + 8*l + 6. Give g(d).
-10
Let n(m) = 19*m + 11. Let z(b) = 9*b + 5. Let p(t) = 3*n(t) - 7*z(t). Let w(g) = -g**3 - 8*g**2 - 2*g - 18. Let r be w(-8). Give p(r).
10
Suppose 7 = 2*x - 15. Let j(o) = -o**3 + 11*o**2 + o - 9. Let h be j(x). Let q(n) = n**2 - n + 2. Give q(h).
4
Suppose -1 - 5 = -3*i. Suppose 0 = -i*j + 5*j - 9. Let q(s) = 2*s**2 - 3*s - 4. What is q(j)?
5
Let a = -1 - -3. Let d(p) = -p - 544*p**3 + 269*p**3 + 3*p**2 + 274*p**3 - p. What is d(a)?
0
Let a be -3*(1 + 8/(-6)). Let v(p) = 9*p**2 - p + 1. Give v(a).
9
Let w(j) = 4*j**2 - 7*j - j**2 - 296 + 299 - 4*j**2. Give w(-7).
3
Let k(w) = -w**3 - w**2 + w + 7. Let r be (0 + 1)/(1/4). Let z = 4 - r. Calculate k(z).
7
Let k(n) = 3*n - 6. Let q be k(2). Let w(l) = -l**2 + l + 1. Determine w(q).
1
Let b(c) be the second derivative of c**3/3 + 3*c**2 + 24*c. Calculate b(-7).
-8
Let z(r) be the second derivative of 0 + 5*r - 5/2*r**2 - 1/2*r**3 - 1/12*r**4. What is z(-4)?
-9
Let g(w) = 122 - 6*w - 112 + 2*w**2 - 3*w**2. Determine g(-7).
3
Suppose -v + 2*b = -3*v - 2, -5*v = b - 7. Suppose 2 - 6 = v*y. Let k(r) = 3*r + 2. Determine k(y).
-4
Let s = 1 + -2. Let t(h) be the second derivative of -h**6/15 - h**4/24 - 2*h**2 - 2*h. Let i(y) be the first derivative of t(y). Calculate i(s).
9
Let r be ((-27)/(-12))/(15/(-40)). Let s(i) = -i + 2. Calculate s(r).
8
Let a(v) = 4*v - 7. Let i be a(2). Let n(c) = 2*c**3 + 11*c**2 - 9*c - 11. Let h(s) = s**3 + 6*s**2 - 5*s - 6. Let y(k) = -11*h(k) + 6*n(k). What is y(i)?
2
Let j(d) = d**2 - 8*d + 9. Let k(r) = -1. Let s(m) = j(m) + 4*k(m). What is s(7)?
-2
Let p = -10 - -6. Let w(b) = -b**2 - 6*b - 6. What is w(p)?
2
Let o(b) be the second derivative of b**3/3 - 3*b**2 - 4*b. Give o(6).
6
Let h(c) = -c**3 - 3*c**2 - 3*c + 9. Let p(a) = -2*a**3 - 7*a**2 - 5*a + 17. Let s(x) = -7*h(x) + 4*p(x). Determine s(-7).
-2
Let v(y) be the third derivative of 0 + 1/24*y**4 + 0*y + y**2 - 7/6*y**3. Let q be (5/(0 - -1))/1. What is v(q)?
-2
Suppose -1 = -4*y + 15. Let u(q) = -7*q + y*q - 4 + 1 + 2*q. Determine u(-2).
-1
Let q(c) = 190*c**3 - 1 - 6*c + 3*c - 4*c**2 - 193*c**3. Suppose 0*p - 30 = 5*s + 5*p, 0 = -2*p - 8. Determine q(s).
13
Suppose -1 = h + 2. Let p(s) = 3*s + 4. Determine p(h).
-5
Let i(l) = -l**2 + 6 + 6*l - 7*l + 2*l**2 - 6*l. Give i(5).
-4
Suppose -3*l = -6*l - 15. Let d(o) be the third derivative of -o**4/24 - 4*o**3/3 + o**2. Determine d(l).
-3
Let o be (-3)/7 + 28/(-49). Let y(s) = -s**3 - 2*s**2 - s. Give y(o).
0
Let y(b) = b**2 + 3*b - 1. Suppose -2*z + 10 - 2 = 0. Let d be z*((-2)/(-4) - 0). Calculate y(d).
9
Let a(o) = o**3 + 4*o**2 - 5*o. Let z be a(-5). Suppose z = -3*j + 4*j - 6. Let w(r) = r**2 - 6*r - 7. Calculate w(j).
-7
Suppose 2*n + c + 2*c = -2, 2*n + 2 = 4*c. Let p = -4 - n. Let k(w) = -2*w - 2. Determine k(p).
4
Let c(a) = -11 + 3*a + 5*a - 4*a - 6*a. Let y be c(-8). Let m(j) = -j + 2. Calculate m(y).
-3
Suppose m - 4*q + 20 = 0, -3 + 4 = -2*m - 5*q. Let h(p) = p**2 + 7*p. Calculate h(m).
8
Let n be ((-4)/4)/((-2)/6). Let l(g) = -3*g + 2*g + 4 + n*g - g. Suppose -24 = 4*q - 4. Give l(q).
-1
Let u(p) = -2*p - 5. Let o(d) = -d - 4. Let g(i) = -5*o(i) + 4*u(i). Suppose 8 = b + 3*b. Calculate g(b).
-6
Let v(b) = -2*b + 2*b + b - 2*b. Calculate v(-2).
2
Let t(h) be the first derivative of -h**2/2 + 5*h + 1. Suppose -3*c + 2*j = -5*c - 6, 17 = -4*c - 5*j. Suppose -c*y = -6*y + 16. What is t(y)?
1
Let l(b) = b**3 - b - 1. Let a be l(2). Let k(s) be the third derivative of 0 + 1/24*s**4 + 0*s + 2*s**2 - 5/3*s**3. Give k(a).
-5
Let i(f) be the third derivative of 1/60*f**5 + 0 - f**2 + 1/24*f**4 - 1/3*f**3 + 0*f. Calculate i(0).
-2
Let t(q) = q**2 - 5*q + 1. Suppose i + 32 = 5*i. Let j be (9/(-3))/((-6)/i). Give t(j).
-3
Let s be 4 + -3 - 2 - -3. Let g(z) = -s*z - z - 1 - 5*z. Let w(f) = f**2 + 5*f + 3. Let m be w(-4). What is g(m)?
7
Suppose 0 = c - 2*x - 1, 0 = c + 2*x + 7. Let u be (-1 - 2) + 3/c. Let r(d) be the first derivative of d**3/3 + 3*d**2 - 10. Give r(u).
-8
Suppose -2*s - w + 6 = 0, -3*s = w + 3*w - 4. Let y(u) = 6 - 3 - u + s. Let v = -7 - -7. Calculate y(v).
7
Let l(g) = 3*g - 14. Let x(n) = -2*n + 7. Let m(j) = 4*l(j) + 7*x(j). Let h be m(-6). Let s(k) = k**2 - 2*k - 7. Calculate s(h).
8
Let g(d) = -5*d + 8. Let f(v) = -v + 1. Let b(x) = 4*f(x) - g(x). Give b(6).
2
Let o(w) = 5*w**2 + 12*w - 3. Let x(m) = -7*m**2 - 14*m + 3. Let a(h) = 4*o(h) + 3*x(h). Suppose -12 = -5*i + 3. What is a(i)?
6
Let k(q) = q**2 + 2*q + 1. Suppose 2*m - 20 = -0*m. Let d be 2/(-10) + (-8)/m. Give k(d).
0
Let a(k) = 3*k - 2. Let c = -53 - -58. Determine a(c).
13
Let b(i) = 7*i - 6*i - 4 + 0*i. Let d be 1 - -1*(0 + -5). Calculate b(d).
-8
Let v be -3 - (1 + 0 + -1). Let d = -6 - v. Let h(w) = w**2 + w - 2. Calculate h(d).
4
Let i(k) = 11 - 2*k - 2*k + 4*k - 2*k. Calculate i(7).
-3
Let w(h) = h**2 + 6*h + 1. Let l(c) = 1. Let k be -13 + 10 - (-2)/1. Let y(d) = k*l(d) - w(d). Give y(-4).
6
Let j(u) be the second derivative of u**5/20 + u**4/12 - u**3/6 - 3*u**2 - u. What is j(0)?
-6
Let v(i) = -i**3 - i**2 - i. Let n(u) = -5*u**3 - 3*u**2 - 4*u - 1. Let f(w) = n(w) - 4*v(w). Calculate f(1).
-1
Let g(j) = -j. Let n(q) = -7*q**2 - 5*q - 3. Let c(s) = 6*s**2 + 5*s + 3. Let d(l) = -6*c(l) - 5*n(l). Let t be d(-3). Calculate g(t).
-3
Let a be (6/7)/(2/14). Suppose u - 10 = a*u. Let q(l) = -7 + 3*l - 4*l + 4. What is q(u)?
-1
Let y(t) = -3*t - 26. Let g(l) = l + 9. Let z = 4 + -1. Let k(n) = z*y(n) + 8*g(n). Give k(5).
-11
Suppose 2*u + 2*u - 12 = 0. Let p(h) = 0*h + 2*h**3 - 4*h**2 - 1 + 4*h - h**3 - u. Determine p(3).
-1
Let d(u) = u**3 + 6*u**2 + 6*u + 3. Let y(o) = -2*o**2 - 3*o + 4. Suppose -q - 3*s + 3 = -3, 4*q + s = -9. Let k be y(q). Give d(k).
-2
Let a = -13 + 19. Let y(c) = c**2 - 6 - 2 + 3 - 6*c. What is y(a)?
-5
Let l(r) = 3*r - 2. Let g(q) = -3*q + 2. Let b(j) = 4*g(j) + 3*l(j). Let v = -1 - 0. Let a = v - -4. Give b(a).
-7
Let l(o) = -o**2 - 5*o. Let t(b) = -2*b + 7. Let i be t(-5). Suppose w = -3*w + u - i, 0 = -2*u + 2. Determine l(w).
4
Let o(z) = 9*z + 2. Let m(x) = 10*x + 2. Let j(q) = 6*m(q) - 7*o(q). What is j(-2)?
4
Let m be ((-15)/9 + 1)/((-4)/30). Let x(t) be the third derivative of 1/15*t**m + 0*t + 0 + 2/3*t**3 + 4*t**2 - 1/8*t**4 - 1/120*t**6. What is x(3)?
4
Let d(l) = -4 - 3*l + 10*l - l**2 + 1. Let a = 